{"id":948,"date":"2016-05-18T11:41:40","date_gmt":"2016-05-18T10:41:40","guid":{"rendered":"http:\/\/lesavoirpartage.org\/new\/?page_id=948"},"modified":"2016-05-18T11:41:40","modified_gmt":"2016-05-18T10:41:40","slug":"14-05-2014-patrimoine-protestant-en-petite-camargue-avec-patricia-carlier","status":"publish","type":"page","link":"https:\/\/lesavoirpartage.org\/new\/14-05-2014-patrimoine-protestant-en-petite-camargue-avec-patricia-carlier\/","title":{"rendered":"14.05.2014 PATRIMOINE PROTESTANT EN PETITE CAMARGUE, avec Patricia CARLIER"},"content":{"rendered":"\r\n\t<div class=\"slideshow_container slideshow_container_style-light\" style=\" max-width: 755px;\" data-slideshow-id=\"538\" data-style-name=\"style-light\" data-style-version=\"2.3.1\" >\r\n\r\n\t\t\t\t\t<div class=\"slideshow_loading_icon\"><\/div>\r\n\t\t\r\n\t\t<div class=\"slideshow_content\" style=\"display: none;\">\r\n\r\n\t\t\t<div class=\"slideshow_view\">\r\n\t\t\t\t<div class=\"slideshow_slide slideshow_slide_image\">\r\n\t\t\t\t\t\t\t\t\t\t\t<img src=\"https:\/\/lesavoirpartage.org\/new\/wp-content\/uploads\/2016\/05\/117sousthemes.jpg\" alt=\"En traversant le Vidourle, nous d\u00e9couvrons les &quot;peignes \u00e0 troncs&quot; pour retenir les troncs d&#039;arbres et cie, en cas de crue.\" width=\"709\" height=\"532\" \/>\r\n\t\t\t\t\t\t\t\t\t\t<div class=\"slideshow_description_box slideshow_transparent\">\r\n\t\t\t\t\t\t<div class=\"slideshow_title\">En traversant le Vidourle, nous d\u00e9couvrons les &quot;peignes \u00e0 troncs&quot; pour retenir les troncs d&#039;arbres et cie, en cas de crue.<\/div>\t\t\t\t\t\t\t\t\t\t\t<\/div>\r\n\t\t\t\t<\/div>\r\n\r\n\t\t\t\t\t\t<div style=\"clear: both;\"><\/div><\/div><div class=\"slideshow_view\">\r\n\t\t\t\t<div class=\"slideshow_slide slideshow_slide_image\">\r\n\t\t\t\t\t\t\t\t\t\t\t<img src=\"https:\/\/lesavoirpartage.org\/new\/wp-content\/uploads\/2016\/05\/115sousthemes-1.jpg\" alt=\"Louis M\u00e9dard (1768-1841) a consacr\u00e9 trente ans de sa vie \u00e0 \u00e9difier une collection de livres rares et pr\u00e9cieux avec la perspective de la l\u00e9guer \u00e0 ses concitoyens. Toute sa collection porte les marques de cette double vocation de bibliophile et d&#039;\u00e9ducateur.\" width=\"709\" height=\"532\" \/>\r\n\t\t\t\t\t\t\t\t\t\t<div class=\"slideshow_description_box slideshow_transparent\">\r\n\t\t\t\t\t\t<div class=\"slideshow_title\">Louis M\u00e9dard (1768-1841) a consacr\u00e9 trente ans de sa vie \u00e0 \u00e9difier une collection de livres rares et pr\u00e9cieux avec la perspective de la l\u00e9guer \u00e0 ses concitoyens. Toute sa collection porte les marques de cette double vocation de bibliophile et d&#039;\u00e9ducateur.<\/div>\t\t\t\t\t\t\t\t\t\t\t<\/div>\r\n\t\t\t\t<\/div>\r\n\r\n\t\t\t\t\t\t<div style=\"clear: both;\"><\/div><\/div><div class=\"slideshow_view\">\r\n\t\t\t\t<div class=\"slideshow_slide slideshow_slide_image\">\r\n\t\t\t\t\t\t\t\t\t\t\t<img src=\"https:\/\/lesavoirpartage.org\/new\/wp-content\/uploads\/2016\/05\/114sousthemes-2.jpg\" alt=\"Le fonds M\u00e9dard :L&#039;ensemble de la collection comprenant 4871 volumes datant du XII\u00e8me au XIX\u00e8me si\u00e8cle, est consign\u00e9 dans un catalogue qui fait office d&#039;inventaire.\" width=\"709\" height=\"532\" \/>\r\n\t\t\t\t\t\t\t\t\t\t<div class=\"slideshow_description_box slideshow_transparent\">\r\n\t\t\t\t\t\t<div class=\"slideshow_title\">Le fonds M\u00e9dard :L&#039;ensemble de la collection comprenant 4871 volumes datant du XII\u00e8me au XIX\u00e8me si\u00e8cle, est consign\u00e9 dans un catalogue qui fait office d&#039;inventaire.<\/div>\t\t\t\t\t\t\t\t\t\t\t<\/div>\r\n\t\t\t\t<\/div>\r\n\r\n\t\t\t\t\t\t<div style=\"clear: both;\"><\/div><\/div><div class=\"slideshow_view\">\r\n\t\t\t\t<div class=\"slideshow_slide slideshow_slide_image\">\r\n\t\t\t\t\t\t\t\t\t\t\t<img src=\"https:\/\/lesavoirpartage.org\/new\/wp-content\/uploads\/2016\/05\/113sousthemes-1.jpg\" alt=\"Un des deux exemplaires de l&#039;Histoire naturelle de Buffon.\" width=\"709\" height=\"532\" \/>\r\n\t\t\t\t\t\t\t\t\t\t<div class=\"slideshow_description_box slideshow_transparent\">\r\n\t\t\t\t\t\t<div class=\"slideshow_title\">Un des deux exemplaires de l&#039;Histoire naturelle de Buffon.<\/div>\t\t\t\t\t\t\t\t\t\t\t<\/div>\r\n\t\t\t\t<\/div>\r\n\r\n\t\t\t\t\t\t<div style=\"clear: both;\"><\/div><\/div><div class=\"slideshow_view\">\r\n\t\t\t\t<div class=\"slideshow_slide slideshow_slide_image\">\r\n\t\t\t\t\t\t\t\t\t\t\t<img src=\"https:\/\/lesavoirpartage.org\/new\/wp-content\/uploads\/2016\/05\/112sousthemes-1.jpg\" alt=\"Magnifique paon de l&#039;encyclop\u00e9die d&#039;histoire naturelle de Buffon.\" width=\"709\" height=\"532\" \/>\r\n\t\t\t\t\t\t\t\t\t\t<div class=\"slideshow_description_box slideshow_transparent\">\r\n\t\t\t\t\t\t<div class=\"slideshow_title\">Magnifique paon de l&#039;encyclop\u00e9die d&#039;histoire naturelle de Buffon.<\/div>\t\t\t\t\t\t\t\t\t\t\t<\/div>\r\n\t\t\t\t<\/div>\r\n\r\n\t\t\t\t\t\t<div style=\"clear: both;\"><\/div><\/div><div class=\"slideshow_view\">\r\n\t\t\t\t<div class=\"slideshow_slide slideshow_slide_image\">\r\n\t\t\t\t\t\t\t\t\t\t\t<img src=\"https:\/\/lesavoirpartage.org\/new\/wp-content\/uploads\/2016\/05\/111sousthemes-1.jpg\" alt=\"Fer \u00e0 dorer issus de la collection Simier. Ren\u00e9 Simier (1772-1843) est l&#039;un des grands relieurs fran\u00e7ais du XIX\u00e8me si\u00e8cle\" width=\"399\" height=\"532\" \/>\r\n\t\t\t\t\t\t\t\t\t\t<div class=\"slideshow_description_box slideshow_transparent\">\r\n\t\t\t\t\t\t<div class=\"slideshow_title\">Fer \u00e0 dorer issus de la collection Simier. Ren\u00e9 Simier (1772-1843) est l&#039;un des grands relieurs fran\u00e7ais du XIX\u00e8me si\u00e8cle<\/div>\t\t\t\t\t\t\t\t\t\t\t<\/div>\r\n\t\t\t\t<\/div>\r\n\r\n\t\t\t\t\t\t<div style=\"clear: both;\"><\/div><\/div><div class=\"slideshow_view\">\r\n\t\t\t\t<div class=\"slideshow_slide slideshow_slide_image\">\r\n\t\t\t\t\t\t\t\t\t\t\t<img src=\"https:\/\/lesavoirpartage.org\/new\/wp-content\/uploads\/2016\/05\/110sousthemes-1.jpg\" alt=\"Le livre en haut de la fa\u00e7ade du temple\" width=\"709\" height=\"532\" \/>\r\n\t\t\t\t\t\t\t\t\t\t<div class=\"slideshow_description_box slideshow_transparent\">\r\n\t\t\t\t\t\t<div class=\"slideshow_title\">Le livre en haut de la fa\u00e7ade du temple<\/div>\t\t\t\t\t\t\t\t\t\t\t<\/div>\r\n\t\t\t\t<\/div>\r\n\r\n\t\t\t\t\t\t<div style=\"clear: both;\"><\/div><\/div><div class=\"slideshow_view\">\r\n\t\t\t\t<div class=\"slideshow_slide slideshow_slide_image\">\r\n\t\t\t\t\t\t\t\t\t\t\t<img src=\"https:\/\/lesavoirpartage.org\/new\/wp-content\/uploads\/2016\/05\/109sousthemes-1.jpg\" alt=\"Le livre des proph\u00e9ties des papes. Manuscrit sur parchemin et papier (1315-1320). Reliure par Simier P\u00e8re.\" width=\"709\" height=\"532\" \/>\r\n\t\t\t\t\t\t\t\t\t\t<div class=\"slideshow_description_box slideshow_transparent\">\r\n\t\t\t\t\t\t<div class=\"slideshow_title\">Le livre des proph\u00e9ties des papes. Manuscrit sur parchemin et papier (1315-1320). Reliure par Simier P\u00e8re.<\/div>\t\t\t\t\t\t\t\t\t\t\t<\/div>\r\n\t\t\t\t<\/div>\r\n\r\n\t\t\t\t\t\t<div style=\"clear: both;\"><\/div><\/div><div class=\"slideshow_view\">\r\n\t\t\t\t<div class=\"slideshow_slide slideshow_slide_image\">\r\n\t\t\t\t\t\t\t\t\t\t\t<img src=\"https:\/\/lesavoirpartage.org\/new\/wp-content\/uploads\/2016\/05\/108sousthemes-1.jpg\" alt=\"&quot;Biblia sacra&quot; titre donn\u00e9 par Louis M\u00e9dard, manuscrit sur prchemin du 13\u00e8me si\u00e8cle. Reliure par Beaussonnet.\" width=\"709\" height=\"532\" \/>\r\n\t\t\t\t\t\t\t\t\t\t<div class=\"slideshow_description_box slideshow_transparent\">\r\n\t\t\t\t\t\t<div class=\"slideshow_title\">&quot;Biblia sacra&quot; titre donn\u00e9 par Louis M\u00e9dard, manuscrit sur prchemin du 13\u00e8me si\u00e8cle. Reliure par Beaussonnet.<\/div>\t\t\t\t\t\t\t\t\t\t\t<\/div>\r\n\t\t\t\t<\/div>\r\n\r\n\t\t\t\t\t\t<div style=\"clear: both;\"><\/div><\/div><div class=\"slideshow_view\">\r\n\t\t\t\t<div class=\"slideshow_slide slideshow_slide_image\">\r\n\t\t\t\t\t\t\t\t\t\t\t<img src=\"https:\/\/lesavoirpartage.org\/new\/wp-content\/uploads\/2016\/05\/107sousthemes-1.jpg\" alt=\"Calendrier perp\u00e9tuel pour les \u00e9cl\u00e9siastiques.\" width=\"709\" height=\"532\" \/>\r\n\t\t\t\t\t\t\t\t\t\t<div class=\"slideshow_description_box slideshow_transparent\">\r\n\t\t\t\t\t\t<div class=\"slideshow_title\">Calendrier perp\u00e9tuel pour les \u00e9cl\u00e9siastiques.<\/div>\t\t\t\t\t\t\t\t\t\t\t<\/div>\r\n\t\t\t\t<\/div>\r\n\r\n\t\t\t\t\t\t<div style=\"clear: both;\"><\/div><\/div><div class=\"slideshow_view\">\r\n\t\t\t\t<div class=\"slideshow_slide slideshow_slide_image\">\r\n\t\t\t\t\t\t\t\t\t\t\t<img src=\"https:\/\/lesavoirpartage.org\/new\/wp-content\/uploads\/2016\/05\/106sousthemes-1.jpg\" alt=\"Le temple au livre de Lunel, dans le quartier ancien, immense dans une petite rue de 3 m\u00e8tres de large !\" width=\"399\" height=\"532\" \/>\r\n\t\t\t\t\t\t\t\t\t\t<div class=\"slideshow_description_box slideshow_transparent\">\r\n\t\t\t\t\t\t<div class=\"slideshow_title\">Le temple au livre de Lunel, dans le quartier ancien, immense dans une petite rue de 3 m\u00e8tres de large !<\/div>\t\t\t\t\t\t\t\t\t\t\t<\/div>\r\n\t\t\t\t<\/div>\r\n\r\n\t\t\t\t\t\t<div style=\"clear: both;\"><\/div><\/div><div class=\"slideshow_view\">\r\n\t\t\t\t<div class=\"slideshow_slide slideshow_slide_image\">\r\n\t\t\t\t\t\t\t\t\t\t\t<img src=\"https:\/\/lesavoirpartage.org\/new\/wp-content\/uploads\/2016\/05\/104sousthemes-1.jpg\" alt=\"Int\u00e9rieur du temple au Livre (Lunel)\" width=\"709\" height=\"532\" \/>\r\n\t\t\t\t\t\t\t\t\t\t<div class=\"slideshow_description_box slideshow_transparent\">\r\n\t\t\t\t\t\t<div class=\"slideshow_title\">Int\u00e9rieur du temple au Livre (Lunel)<\/div>\t\t\t\t\t\t\t\t\t\t\t<\/div>\r\n\t\t\t\t<\/div>\r\n\r\n\t\t\t\t\t\t<div style=\"clear: both;\"><\/div><\/div>\r\n\t\t<\/div>\r\n\r\n\t\t<div class=\"slideshow_controlPanel slideshow_transparent\" style=\"display: none;\"><ul><li class=\"slideshow_togglePlay\" data-play-text=\"Play\" data-pause-text=\"Pause\"><\/li><\/ul><\/div>\r\n\r\n\t\t<div class=\"slideshow_button slideshow_previous slideshow_transparent\" role=\"button\" data-previous-text=\"Pr\u00e9c\u00e9dent\" style=\"display: none;\"><\/div>\r\n\t\t<div class=\"slideshow_button slideshow_next slideshow_transparent\" role=\"button\" data-next-text=\"Suivant\" style=\"display: none;\"><\/div>\r\n\r\n\t\t<div class=\"slideshow_pagination\" style=\"display: none;\" data-go-to-text=\"Go to slide\"><div class=\"slideshow_pagination_center\"><\/div><\/div>\r\n\r\n\t\t<!-- WordPress Slideshow Version 2.3.1 -->\r\n\r\n\t\t\t<\/div>\r\n\r\n\n","protected":false},"excerpt":{"rendered":"","protected":false},"author":1,"featured_media":0,"parent":0,"menu_order":0,"comment_status":"closed","ping_status":"closed","template":"","meta":{"_mi_skip_tracking":false,"_monsterinsights_sitenote_active":false,"_monsterinsights_sitenote_note":"","_monsterinsights_sitenote_category":0,"footnotes":""},"class_list":["post-948","page","type-page","status-publish","hentry"],"acf":[],"_links":{"self":[{"href":"https:\/\/lesavoirpartage.org\/new\/wp-json\/wp\/v2\/pages\/948","targetHints":{"allow":["GET"]}}],"collection":[{"href":"https:\/\/lesavoirpartage.org\/new\/wp-json\/wp\/v2\/pages"}],"about":[{"href":"https:\/\/lesavoirpartage.org\/new\/wp-json\/wp\/v2\/types\/page"}],"author":[{"embeddable":true,"href":"https:\/\/lesavoirpartage.org\/new\/wp-json\/wp\/v2\/users\/1"}],"replies":[{"embeddable":true,"href":"https:\/\/lesavoirpartage.org\/new\/wp-json\/wp\/v2\/comments?post=948"}],"version-history":[{"count":1,"href":"https:\/\/lesavoirpartage.org\/new\/wp-json\/wp\/v2\/pages\/948\/revisions"}],"predecessor-version":[{"id":949,"href":"https:\/\/lesavoirpartage.org\/new\/wp-json\/wp\/v2\/pages\/948\/revisions\/949"}],"wp:attachment":[{"href":"https:\/\/lesavoirpartage.org\/new\/wp-json\/wp\/v2\/media?parent=948"}],"curies":[{"name":"wp","href":"https:\/\/api.w.org\/{rel}","templated":true}]}}

<div class="slideshow_container slideshow_container_style-light" style=" max-width: 755px;" data-slideshow-id="538" data-style-name="style-light" data-style-version="2.3.1" >

					<div class="slideshow_loading_icon"></div>
		
		<div class="slideshow_content" style="display: none;">

			<div class="slideshow_view">
				<div class="slideshow_slide slideshow_slide_image">
											<img src="https://lesavoirpartage.org/new/wp-content/uploads/2016/05/117sousthemes.jpg" alt="En traversant le Vidourle, nous découvrons les &quot;peignes à troncs&quot; pour retenir les troncs d&#039;arbres et cie, en cas de crue." width="709" height="532" />
										<div class="slideshow_description_box slideshow_transparent">
						<div class="slideshow_title">En traversant le Vidourle, nous découvrons les &quot;peignes à troncs&quot; pour retenir les troncs d&#039;arbres et cie, en cas de crue.</div>											</div>
				</div>

						<div style="clear: both;"></div></div><div class="slideshow_view">
				<div class="slideshow_slide slideshow_slide_image">
											<img src="https://lesavoirpartage.org/new/wp-content/uploads/2016/05/115sousthemes-1.jpg" alt="Louis Médard (1768-1841) a consacré trente ans de sa vie à édifier une collection de livres rares et précieux avec la perspective de la léguer à ses concitoyens. Toute sa collection porte les marques de cette double vocation de bibliophile et d&#039;éducateur." width="709" height="532" />
										<div class="slideshow_description_box slideshow_transparent">
						<div class="slideshow_title">Louis Médard (1768-1841) a consacré trente ans de sa vie à édifier une collection de livres rares et précieux avec la perspective de la léguer à ses concitoyens. Toute sa collection porte les marques de cette double vocation de bibliophile et d&#039;éducateur.</div>											</div>
				</div>

						<div style="clear: both;"></div></div><div class="slideshow_view">
				<div class="slideshow_slide slideshow_slide_image">
											<img src="https://lesavoirpartage.org/new/wp-content/uploads/2016/05/114sousthemes-2.jpg" alt="Le fonds Médard :L&#039;ensemble de la collection comprenant 4871 volumes datant du XIIème au XIXème siècle, est consigné dans un catalogue qui fait office d&#039;inventaire." width="709" height="532" />
										<div class="slideshow_description_box slideshow_transparent">
						<div class="slideshow_title">Le fonds Médard :L&#039;ensemble de la collection comprenant 4871 volumes datant du XIIème au XIXème siècle, est consigné dans un catalogue qui fait office d&#039;inventaire.</div>											</div>
				</div>

						<div style="clear: both;"></div></div><div class="slideshow_view">
				<div class="slideshow_slide slideshow_slide_image">
											<img src="https://lesavoirpartage.org/new/wp-content/uploads/2016/05/113sousthemes-1.jpg" alt="Un des deux exemplaires de l&#039;Histoire naturelle de Buffon." width="709" height="532" />
										<div class="slideshow_description_box slideshow_transparent">
						<div class="slideshow_title">Un des deux exemplaires de l&#039;Histoire naturelle de Buffon.</div>											</div>
				</div>

						<div style="clear: both;"></div></div><div class="slideshow_view">
				<div class="slideshow_slide slideshow_slide_image">
											<img src="https://lesavoirpartage.org/new/wp-content/uploads/2016/05/112sousthemes-1.jpg" alt="Magnifique paon de l&#039;encyclopédie d&#039;histoire naturelle de Buffon." width="709" height="532" />
										<div class="slideshow_description_box slideshow_transparent">
						<div class="slideshow_title">Magnifique paon de l&#039;encyclopédie d&#039;histoire naturelle de Buffon.</div>											</div>
				</div>

						<div style="clear: both;"></div></div><div class="slideshow_view">
				<div class="slideshow_slide slideshow_slide_image">
											<img src="https://lesavoirpartage.org/new/wp-content/uploads/2016/05/111sousthemes-1.jpg" alt="Fer à dorer issus de la collection Simier. René Simier (1772-1843) est l&#039;un des grands relieurs français du XIXème siècle" width="399" height="532" />
										<div class="slideshow_description_box slideshow_transparent">
						<div class="slideshow_title">Fer à dorer issus de la collection Simier. René Simier (1772-1843) est l&#039;un des grands relieurs français du XIXème siècle</div>											</div>
				</div>

						<div style="clear: both;"></div></div><div class="slideshow_view">
				<div class="slideshow_slide slideshow_slide_image">
											<img src="https://lesavoirpartage.org/new/wp-content/uploads/2016/05/110sousthemes-1.jpg" alt="Le livre en haut de la façade du temple" width="709" height="532" />
										<div class="slideshow_description_box slideshow_transparent">
						<div class="slideshow_title">Le livre en haut de la façade du temple</div>											</div>
				</div>

						<div style="clear: both;"></div></div><div class="slideshow_view">
				<div class="slideshow_slide slideshow_slide_image">
											<img src="https://lesavoirpartage.org/new/wp-content/uploads/2016/05/109sousthemes-1.jpg" alt="Le livre des prophéties des papes. Manuscrit sur parchemin et papier (1315-1320). Reliure par Simier Père." width="709" height="532" />
										<div class="slideshow_description_box slideshow_transparent">
						<div class="slideshow_title">Le livre des prophéties des papes. Manuscrit sur parchemin et papier (1315-1320). Reliure par Simier Père.</div>											</div>
				</div>

						<div style="clear: both;"></div></div><div class="slideshow_view">
				<div class="slideshow_slide slideshow_slide_image">
											<img src="https://lesavoirpartage.org/new/wp-content/uploads/2016/05/108sousthemes-1.jpg" alt="&quot;Biblia sacra&quot; titre donné par Louis Médard, manuscrit sur prchemin du 13ème siècle. Reliure par Beaussonnet." width="709" height="532" />
										<div class="slideshow_description_box slideshow_transparent">
						<div class="slideshow_title">&quot;Biblia sacra&quot; titre donné par Louis Médard, manuscrit sur prchemin du 13ème siècle. Reliure par Beaussonnet.</div>											</div>
				</div>

						<div style="clear: both;"></div></div><div class="slideshow_view">
				<div class="slideshow_slide slideshow_slide_image">
											<img src="https://lesavoirpartage.org/new/wp-content/uploads/2016/05/107sousthemes-1.jpg" alt="Calendrier perpétuel pour les éclésiastiques." width="709" height="532" />
										<div class="slideshow_description_box slideshow_transparent">
						<div class="slideshow_title">Calendrier perpétuel pour les éclésiastiques.</div>											</div>
				</div>

						<div style="clear: both;"></div></div><div class="slideshow_view">
				<div class="slideshow_slide slideshow_slide_image">
											<img src="https://lesavoirpartage.org/new/wp-content/uploads/2016/05/106sousthemes-1.jpg" alt="Le temple au livre de Lunel, dans le quartier ancien, immense dans une petite rue de 3 mètres de large !" width="399" height="532" />
										<div class="slideshow_description_box slideshow_transparent">
						<div class="slideshow_title">Le temple au livre de Lunel, dans le quartier ancien, immense dans une petite rue de 3 mètres de large !</div>											</div>
				</div>

						<div style="clear: both;"></div></div><div class="slideshow_view">
				<div class="slideshow_slide slideshow_slide_image">
											<img src="https://lesavoirpartage.org/new/wp-content/uploads/2016/05/104sousthemes-1.jpg" alt="Intérieur du temple au Livre (Lunel)" width="709" height="532" />
										<div class="slideshow_description_box slideshow_transparent">
						<div class="slideshow_title">Intérieur du temple au Livre (Lunel)</div>											</div>
				</div>

						<div style="clear: both;"></div></div>
		</div>

		<div class="slideshow_controlPanel slideshow_transparent" style="display: none;"><ul><li class="slideshow_togglePlay" data-play-text="Play" data-pause-text="Pause"></li></ul></div>

		<div class="slideshow_button slideshow_previous slideshow_transparent" role="button" data-previous-text="Précédent" style="display: none;"></div>
		<div class="slideshow_button slideshow_next slideshow_transparent" role="button" data-next-text="Suivant" style="display: none;"></div>

		<div class="slideshow_pagination" style="display: none;" data-go-to-text="Go to slide"><div class="slideshow_pagination_center"></div></div>

		<!-- WordPress Slideshow Version 2.3.1 -->

			</div>
