{"id":19,"date":"2016-03-07T15:32:16","date_gmt":"2016-03-07T14:32:16","guid":{"rendered":"http:\/\/lesavoirpartage.org\/new\/?page_id=19"},"modified":"2025-10-02T10:15:37","modified_gmt":"2025-10-02T09:15:37","slug":"inscription","status":"publish","type":"page","link":"https:\/\/lesavoirpartage.org\/new\/inscription\/","title":{"rendered":"Inscription"},"content":{"rendered":"<h4><strong>S\u2019inscrire au SAVOIR PARTAG\u00c9, c\u2019est facile&nbsp;!<\/strong><\/h4>\n<p><strong>&nbsp;=&gt;<\/strong>&nbsp;Qui peut s\u2019inscrire&nbsp;?<\/p>\n<p>L\u2019universit\u00e9 est ouverte \u00e0 tous, sans condition d\u2019\u00e2ge, de dipl\u00f4me, de lieu de r\u00e9sidence.<\/p>\n<p>=&gt; O\u00f9, quand et comment&nbsp;?<\/p>\n<p><strong>Deux possibilit\u00e9s<\/strong>&nbsp;:<\/p>\n<ul>\n<li><strong>directement<\/strong> lors de l\u2019assembl\u00e9e g\u00e9n\u00e9rale qui a lieu en septembre\/octobre, ou lors de votre premi\u00e8re participation \u00e0 une conf\u00e9rence&nbsp;;<\/li>\n<li><strong>ou par correspondance<\/strong>, en imprimant le formulaire PDF \u00e0 t\u00e9l\u00e9charger,<br \/>\n<strong><a href=\"https:\/\/lesavoirpartage.org\/new\/wp-content\/uploads\/2025\/10\/Bulletin-dadhesion-2025-2026.pdf\" target=\"_blank\" rel=\"noopener\">BULLETIN D'ADHESION : 2025-2026<\/a>&nbsp;<\/strong>accompagn\u00e9 du r\u00e8glement par ch\u00e8que \u00e0 l\u2019ordre du SAVOIR PARTAG\u00c9, et en l\u2019adressant au si\u00e8ge de l\u2019association ou encore, en remettant le tout, lors de votre participation \u00e0 votre premi\u00e8re conf\u00e9rence.<\/li>\n<\/ul>\n<p>L'inscription ne sera effective qu'\u00e0 partir de la r\u00e9ception du r\u00e8glement et du formulaire renseign\u00e9 (N\u00b0 de t\u00e9l\u00e9phone et\/ou e-mail nous est indispensable pour vous pr\u00e9venir des changements \u00e9ventuels).<\/p>\n<p>Cette adh\u00e9sion est valable pour une dur\u00e9e allant du 1er juillet au 30 juin de l\u2019ann\u00e9e suivante. Elle est individuelle, annuelle, non remboursable, non transf\u00e9rable.<\/p>\n<p><strong><u>Son co\u00fbt pour l\u2019ann\u00e9e 2025\/2026:<\/u><\/strong><\/p>\n<ul>\n<li>10 \u20ac pour une personne,<\/li>\n<li>20 \u20ac pour un couple.<\/li>\n<\/ul>\n<p><strong>Pour assister \u00e0 toute conf\u00e9rence, il faut \u00eatre adh\u00e9rent ! A l\u2019exception des conf\u00e9rences dites \u00ab&nbsp;ouvertes&nbsp;\u00bb.<\/strong><\/p>\n<p><strong><u>POUR &nbsp;SUIVRE &nbsp;LES &nbsp;COURS<\/u><\/strong>&nbsp;:<\/p>\n<p>Les cours et conf\u00e9rences sont propos\u00e9s au tarif de 3 euros et vous pouvez vous inscrire \u00e0 la s\u00e9ance ou vous engager dans un cycle, selon vos disponibilit\u00e9s.<\/p>\n<p><u>VOS&nbsp;ADH\u00c9SIONS&nbsp;ET CONTRIBUTIONS AUX&nbsp;CONF\u00c9RENCES<\/u>&nbsp;:<\/p>\n<p>Ces sommes demand\u00e9es permettent de faire face aux d\u00e9penses inh\u00e9rentes au fonctionnement de l\u2019association : location de salles (Maison Fraternelle, La Halle,\u2026.) charges, frais d\u2019envois postaux, t\u00e9l\u00e9phone, assurances (multirisques et responsabilit\u00e9s), achat et entretien du mat\u00e9riel audiovisuel et des fournitures, sans oublier le remboursement des frais de transport des conf\u00e9renciers.<\/p>\n<p>R\u00e9cup\u00e9rer le bulletin au format .doc en cliquant sur l'image ci-dessous:<br \/>\n<a href=\"https:\/\/lesavoirpartage.org\/new\/wp-content\/uploads\/2025\/10\/Bulletin-dadhesion-2025-2026.docx\" target=\"_blank\" rel=\"noopener\"><img decoding=\"async\" style=\"margin: 32px -6px; border: dashed 1px #9e9e9e;\" src=\"https:\/\/lesavoirpartage.org\/new\/wp-content\/uploads\/2025\/10\/bulletin-adhesion-2025-2026.png\"><\/a><\/p>\n","protected":false},"excerpt":{"rendered":"S\u2019inscrire au SAVOIR PARTAG\u00c9, c\u2019est facile&nbsp;! &nbsp;=&gt;&nbsp;Qui peut s\u2019inscrire&nbsp;? L\u2019universit\u00e9 est ouverte \u00e0 tous, sans condition d\u2019\u00e2ge, de dipl\u00f4me, de lieu de r\u00e9sidence. =&gt; O\u00f9, quand et comment&nbsp;? Deux possibilit\u00e9s&nbsp;: directement lors de l\u2019assembl\u00e9e g\u00e9n\u00e9rale qui a lieu en septembre\/octobre, ou lors de votre premi\u00e8re participation \u00e0 une conf\u00e9rence&nbsp;; ou par correspondance, en imprimant le formulaire PDF \u00e0 t\u00e9l\u00e9charger, BULLETIN&nbsp;<a href=\"https:\/\/lesavoirpartage.org\/new\/inscription\/\" class=\"read-more\">Lire la suite<\/a>","protected":false},"author":1,"featured_media":0,"parent":0,"menu_order":0,"comment_status":"closed","ping_status":"closed","template":"","meta":{"_mi_skip_tracking":false,"_monsterinsights_sitenote_active":false,"_monsterinsights_sitenote_note":"","_monsterinsights_sitenote_category":0,"footnotes":""},"class_list":["post-19","page","type-page","status-publish","hentry"],"acf":[],"_links":{"self":[{"href":"https:\/\/lesavoirpartage.org\/new\/wp-json\/wp\/v2\/pages\/19","targetHints":{"allow":["GET"]}}],"collection":[{"href":"https:\/\/lesavoirpartage.org\/new\/wp-json\/wp\/v2\/pages"}],"about":[{"href":"https:\/\/lesavoirpartage.org\/new\/wp-json\/wp\/v2\/types\/page"}],"author":[{"embeddable":true,"href":"https:\/\/lesavoirpartage.org\/new\/wp-json\/wp\/v2\/users\/1"}],"replies":[{"embeddable":true,"href":"https:\/\/lesavoirpartage.org\/new\/wp-json\/wp\/v2\/comments?post=19"}],"version-history":[{"count":25,"href":"https:\/\/lesavoirpartage.org\/new\/wp-json\/wp\/v2\/pages\/19\/revisions"}],"predecessor-version":[{"id":3251,"href":"https:\/\/lesavoirpartage.org\/new\/wp-json\/wp\/v2\/pages\/19\/revisions\/3251"}],"wp:attachment":[{"href":"https:\/\/lesavoirpartage.org\/new\/wp-json\/wp\/v2\/media?parent=19"}],"curies":[{"name":"wp","href":"https:\/\/api.w.org\/{rel}","templated":true}]}}